igit of 51954883?
8
What is the thousands digit of 72884815?
4
What is the hundred millions digit of 101376538?
1
What is the tens digit of 3962127340?
4
What is the hundred millions digit of 1132777448?
1
What is the thousands digit of 27544134?
4
What is the hundreds digit of 2834319534?
5
What is the tens digit of 138388922?
2
What is the tens digit of 561911708?
0
What is the ten millions digit of 3293039214?
9
What is the ten thousands digit of 36781375?
8
What is the hundred thousands digit of 114849724?
8
What is the tens digit of 12107756?
5
What is the tens digit of 135443267?
6
What is the billions digit of 2852306333?
2
What is the ten thousands digit of 1676164856?
6
What is the units digit of 46568395?
5
What is the hundred millions digit of 606495502?
6
What is the units digit of 633384256?
6
What is the ten millions digit of 166163367?
6
What is the units digit of 50726224?
4
What is the tens digit of 49264514?
1
What is the thousands digit of 49862602?
2
What is the units digit of 107668488?
8
What is the units digit of 266171730?
0
What is the hundred millions digit of 1389132846?
3
What is the tens digit of 121597706?
0
What is the ten millions digit of 276146762?
7
What is the ten millions digit of 63184180?
6
What is the billions digit of 2533537597?
2
What is the tens digit of 1693016?
1
What is the billions digit of 1237229250?
1
What is the ten thousands digit of 1657122821?
2
What is the tens digit of 49838821?
2
What is the thousands digit of 58950234?
0
What is the ten thousands digit of 80227126?
2
What is the hundreds digit of 7988754?
7
What is the hundred thousands digit of 9935275?
9
What is the hundred thousands digit of 1512890589?
8
What is the units digit of 207731808?
8
What is the hundred thousands digit of 914264100?
2
What is the units digit of 8549720?
0
What is the hundred millions digit of 2897249511?
8
What is the millions digit of 33032007?
3
What is the hundred thousands digit of 141812117?
8
What is the hundred millions digit of 3294195058?
2
What is the hundred millions digit of 3651056839?
6
What is the hundreds digit of 422906434?
4
What is the thousands digit of 410301606?
1
What is the hundreds digit of 40318892?
8
What is the ten millions digit of 180791463?
8
What is the hundreds digit of 151299906?
9
What is the hundred millions digit of 886490727?
8
What is the hundred millions digit of 119687822?
1
What is the hundreds digit of 126978903?
9
What is the units digit of 21663463?
3
What is the hundred thousands digit of 707429969?
4
What is the hundred thousands digit of 28146432?
1
What is the ten thousands digit of 57181639?
8
What is the ten thousands digit of 59444645?
4
What is the ten millions digit of 554057851?
5
What is the millions digit of 648443990?
8
What is the hundreds digit of 2156418933?
9
What is the ten thousands digit of 70601190?
0
What is the tens digit of 30945832?
3
What is the thousands digit of 21507550?
7
What is the tens digit of 65476431?
3
What is the hundreds digit of 5288603565?
5
What is the ten millions digit of 3961451523?
6
What is the hundred millions digit of 464226759?
4
What is the hundred millions digit of 4142597326?
1
What is the tens digit of 116685204?
0
What is the ten thousands digit of 1103706961?
0
What is the tens digit of 2299186003?
0
What is the ten millions digit of 92434581?
9
What is the ten millions digit of 43056712?
4
What is the ten thousands digit of 363775132?
7
What is the thousands digit of 7109341064?
1
What is the billions digit of 3167325073?
3
What is the millions digit of 250141681?
0
What is the tens digit of 7310248?
4
What is the ten millions digit of 261827870?
6
What is the hundred thousands digit of 206276861?
2
What is the ten thousands digit of 1843467563?
6
What is the hundred thousands digit of 4459144108?
1
What is the ten thousands digit of 1155910969?
1
What is the ten millions digit of 103354503?
0
What is the ten millions digit of 79785834?
7
What is the thousands digit of 267548398?
8
What is the thousands digit of 49194514?
4
What is the hundred thousands digit of 1047222753?
2
What is the millions digit of 52093015?
2
What is the ten millions digit of 1318672746?
1
What is the units digit of 14204986?
6
What is the ten millions digit of 191775613?
9
What is the hundreds digit of 901974174?
1
What is the hundreds digit of 74643974?
9
What is the units digit of 13627766?
6
What is the hundred thousands digit of 273092977?
0
What is the hundred millions digit of 1295094374?
2
What is the hundreds digit of 300785580?
5
What is the hundred thousands digit of 42291159?
2
What is the ten millions digit of 353671784?
5
What is the billions digit of 2775244752?
2
What is the ten thousands digit of 230865608?
6
What is the hundred thousands digit of 233847781?
8
What is the ten thousands digit of 1083982845?
8
What is the thousands digit of 26306885?
6
What is the hundreds digit of 189654996?
9
What is the hundred millions digit of 1816846096?
8
What is the ten thousands digit of 27705552?
0
What is the millions digit of 9014765309?
4
What is the billions digit of 2674895796?
2
What is the ten millions digit of 358914292?
5
What is the hundreds digit of 117572986?
9
What is the hundred millions digit of 1147545623?
1
What is the hundred thousands digit of 18738566?
7
What is the hundred thousands digit of 73611440?
6
What is the ten millions digit of 480187841?
8
What is the hundreds digit of 300604503?
5
What is the millions digit of 511416915?
1
What is the thousands digit of 158808586?
8
What is the ten millions digit of 49188486?
4
What is the thousands digit of 4525587?
5
What is the tens digit of 64020780?
8
What is the billions digit of 3323464624?
3
What is the ten thousands digit of 493563188?
6
What is the tens digit of 142122430?
3
What is the hundred millions digit of 910590911?
9
What is the thousands digit of 1804885613?
5
What is the billions digit of 1280130006?
1
What is the ten millions digit of 284691126?
8
What is the thousands digit of 955458971?
8
What is the millions digit of 203081095?
3
What is the ten thousands digit of 1596248274?
4
What is the ten thousands digit of 424627518?
2
What is the units digit of 2145914137?
7
What is the tens digit of 234532100?
0
What is the millions digit of 200935720?
0
What is the ten thousands digit of 139205388?
0
What is the thousands digit of 2070842635?
2
What is the millions digit of 252394669?
2
What is the millions digit of 3111948?
3
What is the hundred millions digit of 519473907?
5
What is the billions digit of 5803168301?
5
What is the hundred thousands digit of 207317608?
3
What is the hundred thousands digit of 17150124?
1
What is the millions digit of 89251355?
9
What is the thousands digit of 60744949?
4
What is the millions digit of 1918844?
1
What is the tens digit of 1690025921?
2
What is the ten thousands digit of 3969291156?
9
What is the hundred millions digit of 221597140?
2
What is the hundred millions digit of 853015664?
8
What is the hundred thousands digit of 39444189?
4
What is the thousands digit of 52241919?
1
What is the units digit of 241059572?
2
What is the ten millions digit of 264198527?
6
What is the tens digit of 649107217?
1
What is the millions digit of 5722911?
5
What is the ten millions digit of 234098271?
3
What is the ten thousands digit of 9539433?
3
What is the millions digit of 17716711?
7
What is the ten millions digit of 208982131?
0
What is the hundreds digit of 726836710?
7
What is the ten thousands digit of 34618317?
1
What is the ten thousands digit of 444899212?
9
What is the hundred millions digit of 550416608?
5
What is the hundreds digit of 254079564?
5
What is the tens digit of 28777343?
4
What is the millions digit of 65570998?
5
What is the tens digit of 101047096?
9
What is the ten thousands digit of 141436739?
3
What is the millions digit of 19556280?
9
What is the hundreds digit of 49976667?
6
What is the units digit of 1016638501?
1
What is the units digit of 5811527910?
0
What is the ten thousands digit of 208367756?
6
What is the hundreds digit of 4151850?
8
What is the tens digit of 505781683?
8
What is the tens digit of 1503269736?
3
What is the millions digit of 2042689555?
2
What is t